106602050?
0
What is the thousands digit of 380625787?
5
What is the hundred millions digit of 136177927?
1
What is the thousands digit of 870287518?
7
What is the ten millions digit of 2409001126?
0
What is the hundred thousands digit of 204550144?
5
What is the ten millions digit of 618734664?
1
What is the hundreds digit of 90176749?
7
What is the thousands digit of 322745458?
5
What is the hundred thousands digit of 875423320?
4
What is the units digit of 4889936303?
3
What is the tens digit of 1213658392?
9
What is the ten thousands digit of 54471930?
7
What is the hundred millions digit of 442860311?
4
What is the ten millions digit of 5425469773?
2
What is the units digit of 263685876?
6
What is the units digit of 128080050?
0
What is the tens digit of 56102361?
6
What is the ten thousands digit of 1545065596?
6
What is the hundreds digit of 110120717?
7
What is the ten millions digit of 29913432?
2
What is the hundred millions digit of 100906343?
1
What is the hundred thousands digit of 16756307?
7
What is the hundred thousands digit of 2934342408?
3
What is the hundreds digit of 501872649?
6
What is the hundred millions digit of 1210390755?
2
What is the billions digit of 2897248997?
2
What is the units digit of 437142161?
1
What is the hundreds digit of 5777753?
7
What is the hundred thousands digit of 2981295083?
2
What is the hundred millions digit of 3479137960?
4
What is the hundred millions digit of 119429289?
1
What is the ten thousands digit of 1496968801?
6
What is the billions digit of 1224503623?
1
What is the ten thousands digit of 6696351728?
5
What is the tens digit of 453840307?
0
What is the units digit of 1004368672?
2
What is the ten millions digit of 42421874?
4
What is the millions digit of 42810775?
2
What is the hundreds digit of 1798425948?
9
What is the ten thousands digit of 31457555?
5
What is the tens digit of 616819739?
3
What is the hundred millions digit of 5167074579?
1
What is the hundred thousands digit of 2430879451?
8
What is the ten millions digit of 53752346?
5
What is the hundreds digit of 720029324?
3
What is the units digit of 97871231?
1
What is the millions digit of 13306369?
3
What is the hundred millions digit of 464210376?
4
What is the hundreds digit of 389839574?
5
What is the hundred thousands digit of 259041887?
0
What is the millions digit of 959709808?
9
What is the millions digit of 601552894?
1
What is the units digit of 18120312?
2
What is the ten thousands digit of 30713978?
1
What is the hundreds digit of 1939612515?
5
What is the tens digit of 107853310?
1
What is the thousands digit of 588124666?
4
What is the tens digit of 182006126?
2
What is the hundred thousands digit of 161334647?
3
What is the thousands digit of 104114921?
4
What is the tens digit of 1992982047?
4
What is the millions digit of 2632918183?
2
What is the units digit of 766027061?
1
What is the ten thousands digit of 124954775?
5
What is the tens digit of 70103031?
3
What is the ten thousands digit of 1082760447?
6
What is the tens digit of 76722685?
8
What is the hundred thousands digit of 255192419?
1
What is the hundred thousands digit of 3602886?
6
What is the hundreds digit of 80672364?
3
What is the units digit of 102121644?
4
What is the ten thousands digit of 148237499?
3
What is the millions digit of 176937902?
6
What is the tens digit of 18482086?
8
What is the hundred thousands digit of 581573703?
5
What is the tens digit of 45490184?
8
What is the hundred thousands digit of 43880854?
8
What is the ten thousands digit of 2766347629?
4
What is the millions digit of 45219320?
5
What is the ten millions digit of 51312532?
5
What is the ten millions digit of 217675682?
1
What is the ten millions digit of 217819074?
1
What is the tens digit of 3651433157?
5
What is the ten millions digit of 13700519?
1
What is the hundred millions digit of 1902722625?
9
What is the thousands digit of 139466338?
6
What is the millions digit of 367112622?
7
What is the millions digit of 51329533?
1
What is the ten millions digit of 20947362?
2
What is the hundreds digit of 3376957?
9
What is the hundred millions digit of 575145800?
5
What is the hundreds digit of 323788440?
4
What is the tens digit of 23453949?
4
What is the units digit of 152728585?
5
What is the millions digit of 93516530?
3
What is the ten thousands digit of 39465499?
6
What is the tens digit of 183703122?
2
What is the millions digit of 2225387726?
5
What is the hundreds digit of 12443573?
5
What is the hundreds digit of 207940048?
0
What is the ten thousands digit of 525505094?
0
What is the thousands digit of 121878938?
8
What is the ten thousands digit of 1208156279?
5
What is the units digit of 4679768?
8
What is the ten millions digit of 153675479?
5
What is the millions digit of 126767502?
6
What is the units digit of 28786206?
6
What is the ten thousands digit of 126644579?
4
What is the thousands digit of 54271538?
1
What is the millions digit of 35782386?
5
What is the thousands digit of 579536164?
6
What is the units digit of 239060314?
4
What is the hundreds digit of 161239583?
5
What is the thousands digit of 323161937?
1
What is the thousands digit of 32018523?
8
What is the ten millions digit of 856918368?
5
What is the ten millions digit of 893003561?
9
What is the units digit of 603910970?
0
What is the tens digit of 89069463?
6
What is the thousands digit of 563442948?
2
What is the tens digit of 53578940?
4
What is the millions digit of 1708553127?
8
What is the thousands digit of 4687428427?
8
What is the thousands digit of 1131093010?
3
What is the ten thousands digit of 193886848?
8
What is the ten thousands digit of 5584098?
8
What is the thousands digit of 159130935?
0
What is the ten millions digit of 24708544?
2
What is the tens digit of 64975128?
2
What is the ten millions digit of 133110953?
3
What is the units digit of 73788664?
4
What is the hundred millions digit of 987062614?
9
What is the ten millions digit of 23646603?
2
What is the tens digit of 560590651?
5
What is the ten thousands digit of 2600324920?
2
What is the ten millions digit of 94752996?
9
What is the ten thousands digit of 6871545912?
4
What is the ten thousands digit of 1075088?
7
What is the hundreds digit of 916785235?
2
What is the thousands digit of 360478757?
8
What is the hundred thousands digit of 19581541?
5
What is the hundred millions digit of 214430758?
2
What is the ten thousands digit of 30177774?
7
What is the units digit of 2823385433?
3
What is the tens digit of 6036316079?
7
What is the hundred thousands digit of 1791812613?
8
What is the units digit of 7141667?
7
What is the hundreds digit of 1444731430?
4
What is the millions digit of 19471829?
9
What is the ten thousands digit of 527586076?
8
What is the hundreds digit of 1632017637?
6
What is the hundreds digit of 248492341?
3
What is the millions digit of 1655432756?
5
What is the tens digit of 276308179?
7
What is the hundred millions digit of 2368739729?
3
What is the thousands digit of 4226449389?
9
What is the hundred millions digit of 4925666848?
9
What is the thousands digit of 3287516099?
6
What is the tens digit of 418648930?
3
What is the units digit of 81321985?
5
What is the tens digit of 17584796?
9
What is the ten thousands digit of 1205764130?
6
What is the millions digit of 80145362?
0
What is the millions digit of 121315894?
1
What is the billions digit of 1068591424?
1
What is the hundreds digit of 939884994?
9
What is the hundreds digit of 6164754?
7
What is the ten thousands digit of 79022115?
2
What is the units digit of 72407761?
1
What is the hundred thousands digit of 763051690?
0
What is the millions digit of 28123308?
8
What is the units digit of 3516297?
7
What is the hundred thousands digit of 55677634?
6
What is the millions digit of 12513122?
2
What is the hundreds digit of 236248809?
8
What is the tens digit of 89793799?
9
What is the thousands digit of 1739983505?
3
What is the thousands digit of 24823532?
3
What is the ten millions digit of 1173603434?
7
What is the ten thousands digit of 89398632?
9
What is the hundred millions digit of 1610056207?
6
What is the ten thousands digit of 1121241780?
4
What is the tens digit of 51739055?
5
What is 